et h be n(5). Suppose 37 = h*k - c. What is the tens digit of k?
1
Suppose 0 = u + 2*u - 3. Let p = u + 6. Suppose 0 = -o + p - 5. What is the units digit of o?
2
Let b be (-1 - 1)/(4/8). What is the units digit of 4 + 0 - (b - 17)?
5
Let x(v) = 208*v**2 - 21*v - 74. What is the units digit of x(-5)?
1
Let q = 141 + -199. Let v = 7 - q. What is the units digit of (-2)/(4 + v/(-16))?
2
Let u be 2/12 + 171/(-54). Let k = 0 - u. What is the units digit of 2/(-1) - -19 - k?
4
Let x be (-13)/1 + (-7)/7. Let l be (0 - x - -1)/1. Suppose -b + l = 2*b. What is the units digit of b?
5
Suppose -4*y + i + 20 = 0, -4*y + 4*i + 8 = -0*y. What is the units digit of (4/y - (-1956)/(-72))*-2?
3
Suppose -22 = -3*t + 2. Let o be (76/t - 2)*2. Let n = o - -21. What is the tens digit of n?
3
Let f = 1743 + -1017. What is the units digit of f?
6
Suppose -5*o - 33 = b - 95, -o - 4*b = -20. Let n be (o/8)/((-5)/170). What is the units digit of 3*(-1)/3 - n?
0
Suppose -3*o + 4032 = 4*p, 5*p + o - 5029 = -0*o. What is the hundreds digit of p?
0
Suppose v - 3*w + 18 = -175, -569 = 3*v + w. Let i be (1/2)/(5/v). Let k(l) = -2*l + 23. What is the tens digit of k(i)?
6
Let t = 98 + -26. Let q be 17/3 + 2/6. Suppose q = -3*r, 2*h - 2*r = -r + t. What is the tens digit of h?
3
Suppose -1 = -q + 5. Let i(l) = -l**2 + 7*l + 13. What is the units digit of i(q)?
9
Suppose -3*f = 2*f - 12015. What is the hundreds digit of f?
4
Let t(b) = -7 + 7*b**2 + 0*b**2 - b**2 + b**3 - 8*b. Let d be t(-7). Suppose 5*x + 4*h - 17 = d, 0 = -2*h - 2 + 8. What is the units digit of x?
1
Suppose 0 = -2*k + 32 + 38. Let j be k/(1/12*4). Suppose -j = -5*p - 5*q, -q = -4*p + 3*q + 52. What is the tens digit of p?
1
Let v = -131 - -284. What is the units digit of v?
3
Suppose -3*c - 9 = -5*c + 5*s, 2 = -2*s. Suppose 5*y - 1694 = -c*y. What is the units digit of y?
2
Let i(z) = 9*z**2 + 2*z. Let y be i(-2). Suppose 0 = 3*v + 154 - 193. Let w = y - v. What is the tens digit of w?
1
Suppose -4*h = -0*h - 336. Let c = 131 - h. What is the tens digit of c?
4
What is the tens digit of (-2)/((-5 - -1) + 5) - -30?
2
Let p be (-1)/(-3) - 8/6. Let c be (0 - 80/1) + p. What is the units digit of (-549)/c - 2/(-9)?
7
Let s be (-6)/(-4) - 3/2. Let a be 1 + -2 + (-20 - -23). What is the tens digit of 22/a - (s + 0)?
1
Let x be (-24)/4*-1 - 2. Suppose 2*t + 3 = 3*h + 1, -x*h = -4*t. What is the units digit of 1 - t/2 - -3?
3
Let v(k) be the second derivative of k**5/20 + k**4/6 - k**3/6 - 4*k. Let i be v(2). Let x(w) = 3*w + 11. What is the units digit of x(i)?
3
What is the hundreds digit of -3 + 389 + 6/3?
3
Let r be 2/(-8) + 91/28. What is the units digit of (2 - 9)*r*(-2)/14?
3
Suppose -d - 3*d - 24 = 0. Let t(v) = 0 + 3*v + 3 - 9 - 13*v. What is the units digit of t(d)?
4
Let b = 832 + -309. What is the tens digit of b?
2
Let w(y) = -2*y + 11. Let u(x) = x - 9. Let b = 13 + -9. Let c be u(b). What is the tens digit of w(c)?
2
Suppose -3 + 4 = -3*r - p, 5*r - 4*p - 21 = 0. Let j = 5 - r. What is the units digit of (-2 + 4 - j)*-3?
6
Let g be (0/2)/(1 - 0). Suppose -k + 12 + 105 = g. What is the hundreds digit of k?
1
Let r(q) = -12*q**3 - 5*q**2 + 7*q + 10. What is the tens digit of r(-4)?
7
Suppose 3*b = y + 834 + 2940, 0 = 5*b - 4*y - 6297. Suppose w + 1114 = 4*r, -4*r + b - 137 = -4*w. What is the tens digit of r?
7
Let o be (-12)/18*69/(-2). Suppose u = 5*f + 17, f = -4*u + 6*f + o. Let m(l) = 16*l + 3. What is the tens digit of m(u)?
3
Suppose 0 = 2*g - 0 - 4. Let s(d) = d**2. Let x be s(g). Suppose 3*v - 37 = 2*z - 7*z, x*z - v = 16. What is the units digit of z?
5
Let k be (1995/76)/(1/(-4)). Let w = -35 - k. What is the units digit of w?
0
What is the units digit of ((-2)/(-3))/((-4088)/1368 - -3)?
7
Let m = -303 - -442. What is the units digit of m?
9
Let j(n) = n**3 - 20*n**2 - 29*n - 28. What is the units digit of j(22)?
2
Let u(y) = 86*y**2 - y + 2. Let l be u(1). What is the tens digit of l + (-6 - -5)/(0 - -1)?
8
Suppose d + 13 = 5*c, -2*c - 48 = 4*d - 3*d. Let g = 45 + d. What is the units digit of g?
7
Let z = 1312 - 621. What is the hundreds digit of z?
6
Suppose 4*s - 2*t = 757 + 1077, t + 461 = s. What is the hundreds digit of s?
4
Suppose 0 = 5*n + 10, 3*m - 4*n + 9*n = 1088. What is the units digit of m?
6
Let w(k) = -842*k**3 - 2*k**2 + 15*k + 17. What is the units digit of w(-1)?
2
Suppose 220 = 4*t - 4*h, 5*h = 4*t + 7*h - 196. What is the tens digit of t?
5
Let h(c) = -74*c + 48. What is the tens digit of h(-10)?
8
Suppose -p + 0*u - u + 114 = 0, 2*u = 2. Let n = p + -7. Let q = n + -63. What is the units digit of q?
3
Let a = 341 + 219. What is the hundreds digit of a?
5
Let b = 199 - -110. What is the tens digit of b?
0
Let d be 9/(-5) - 1/5. Let m be (d/4)/((-1)/34). Let b = m + 36. What is the units digit of b?
3
Suppose -3382 = -12*j - 226. What is the hundreds digit of j?
2
Suppose 4*g - w = 5407, 10*g + w = 12*g - 2701. What is the tens digit of g?
5
Let i = 385 + 442. What is the tens digit of i?
2
Let u = 38 - 42. Let p(d) = -d**3 - d**2 - 9*d + 3. What is the tens digit of p(u)?
8
Let x(t) = 25*t - 40. What is the hundreds digit of x(11)?
2
Let r(f) = -2*f + 5 - 2 + 15*f**2 + 5 + 2*f**3 - f**3. Let v be ((-6)/(-8))/((-1)/20). What is the units digit of r(v)?
8
Let k be (-267)/(-3)*(1 - 2). Let x = k + 128. Let o = x + -5. What is the units digit of o?
4
Suppose -d + 22 = 4*x, -4*d - x = d - 15. Suppose d*y = 2*z + 108, y - 3*y + 5*z = -120. What is the units digit of y?
0
Let c be 3142/8 + (-18)/(-72). Let x = -279 + c. What is the hundreds digit of x?
1
Let i(w) = 18*w - 7. Let k(u) = -2*u - 6. Let q be k(-5). What is the units digit of i(q)?
5
Suppose -13*j + 7866 = 2497. What is the tens digit of j?
1
Let w(y) = 24*y**2 - 9*y - 3. Suppose 0*l + c = -2*l + 4, -3*l + 5*c = -19. What is the units digit of w(l)?
6
Suppose 5*a = 5*w + 5, 9 + 6 = -a + 5*w. Suppose -a*j + 0*j = 0. Let l = j + 3. What is the units digit of l?
3
Let y(h) = -h**2 + 2*h + 1. Let m be y(2). Let o = 213 + -143. What is the units digit of (o/(-30))/(m/(-3))?
7
Let t = -16 + 56. Let v = -27 + t. Let k(y) = y**3 - 14*y**2 + 18*y - 6. What is the tens digit of k(v)?
5
Let j(r) = -2*r**2 + 11*r - 5. Let m be j(8). Let t = m + 96. What is the units digit of t?
1
Suppose 0 = a + 87 - 88. Let x(t) = t**2 + 2*t - 1. Let v be x(-2). What is the tens digit of v/((a - 0)/(-27))?
2
Suppose -28*f = -19*f - 2565. What is the hundreds digit of f?
2
Let s be (-10)/4 + 6/(-12) + -431. Let k = s - -611. What is the hundreds digit of k?
1
Let c(w) = 10*w + 2. Let s(t) = -9*t - 1. Let m(i) = 3*c(i) + 4*s(i). Let j be m(-12). Suppose -10*a = -8*a - j. What is the tens digit of a?
3
Let d(s) = s**2 - 6*s - 29. Let l be d(11). Suppose 30*w = l*w + 160. What is the units digit of w?
0
Let v be (12/18)/((-4)/30). Let n(u) = -u**3 - 3*u**2 + 2*u - 3. What is the units digit of n(v)?
7
Let c(y) = -2*y**2 - y. Let z be c(-1). Let b(g) = -9*g**3 - g**2. Let l be b(z). What is the units digit of (1/1)/(1/l)?
8
Let c(j) = j + 1. Let r be c(2). Suppose r*z = 4 + 2. Suppose -z*h = 7 - 99. What is the units digit of h?
6
What is the tens digit of (-96896)/(-144) + 4/36?
7
Suppose t - 9 - 11 = 0. Suppose -4*w - 5*p + 401 = 0, 3*w - 307 = -p - t. What is the tens digit of w?
9
What is the hundreds digit of (136/85)/((-2)/(-2650))?
1
Suppose 0 = 7*u - 11*u + 36. Suppose s - u = 23. What is the tens digit of s?
3
Suppose 5*u - 3*o = -0*o - 10, -4*u - 3*o - 8 = 0. What is the units digit of (29/58)/(u/(-84))?
1
Suppose 13*o - 1096 = 9*o. What is the hundreds digit of o?
2
Suppose -3 = 2*m - 5*u - 7, 2*m - 4 = 2*u. Let a(g) = -g**2. Let d(t) = -t**3 - 7*t**2 - t - 2. Let k(c) = 6*a(c) - d(c). What is the tens digit of k(m)?
1
Let g(r) = -r**2 + 16*r - 23. Let b be g(28). Let u = 654 + b. What is the units digit of u?
5
Suppose -5*r - 11 = -4*b, 2*r - 14 = -6*b + 3*b. Suppose 20 = 2*d - 7*d, 0 = b*c - 3*d - 32. Suppose 0 = c*j - 153 - 2. What is the tens digit of j?
3
Suppose -3*d + 2*n = -18, 3*d - 35 = -2*d + 5*n. Suppose -2*m + 4 = 0, b = -3*b + d*m + 176. What is the units digit of b?
6
Suppose 0 = -5*z + 4026 + 49. What is the hundreds digit of z?
8
Suppose -4*d + 2*h - 768 = -6*d, 0 = 3*d + h - 1162. What is the hundreds digit of d?